) in base 7?
1364
What is -20015 (base 8) in base 10?
-8205
What is -122 (base 11) in base 9?
-171
Convert -22342 (base 5) to base 12.
-b11
Convert -1524 (base 6) to base 4.
-12130
Convert -7648 (base 9) to base 12.
-3315
What is 24522 (base 6) in base 7?
13433
-627 (base 8) to base 9
-502
What is -300302 (base 7) in base 14?
-14602
Convert 18877 (base 10) to base 14.
6c45
-5aa (base 11) to base 4
-23111
Convert 21212002 (base 3) to base 2.
1011001011110
Convert -1948 (base 14) to base 16.
-11dc
Convert 3487 (base 14) to base 11.
6955
What is 114433 (base 5) in base 14?
1840
What is 566 (base 7) in base 16?
125
Convert 126 (base 7) to base 11.
63
-213 (base 13) to base 2
-101100010
What is -16020 (base 8) in base 3?
-100212002
Convert 453d (base 14) to base 10.
12011
-141461 (base 7) to base 11
-1930a
Convert 56 (base 14) to base 5.
301
What is -328 (base 11) in base 9?
-476
-103344 (base 5) to base 11
-2782
550 (base 11) to base 10
660
What is -30515 (base 6) in base 8?
-7757
3eb0 (base 15) to base 14
4c80
-110011011 (base 2) to base 12
-2a3
What is -1100001110000 (base 2) in base 3?
-22120201
-203 (base 8) to base 4
-2003
Convert -149 (base 13) to base 9.
-275
What is -12362 (base 8) in base 3?
-21100121
Convert -1100011100111000 (base 2) to base 7.
-301455
Convert 1011100111 (base 2) to base 7.
2111
Convert 25267 (base 8) to base 9.
16000
What is 46f1 (base 16) in base 8?
43361
What is -121221 (base 3) in base 10?
-457
-2302 (base 4) to base 9
-217
What is 85a6 (base 11) in base 15?
357e
-d8 (base 14) to base 15
-ca
What is 2756 (base 12) in base 9?
6183
Convert -1533 (base 10) to base 7.
-4320
Convert 62606 (base 7) to base 2.
11110000100000
c1cd (base 15) to base 12
1b81a
Convert -1113201 (base 4) to base 14.
-2081
Convert 152 (base 7) to base 4.
1112
3709 (base 10) to base 5
104314
2040024 (base 5) to base 8
101744
What is 39287 (base 10) in base 8?
114567
What is 358 (base 12) in base 10?
500
What is b4f (base 16) in base 14?
10ab
52187 (base 9) to base 3
1202012221
-3233 (base 4) to base 2
-11101111
What is 2c0 (base 15) in base 14?
330
63c (base 14) to base 6
5410
Convert 1044 (base 10) to base 3.
1102200
-12032 (base 5) to base 6
-4044
What is -72 (base 13) in base 3?
-10110
134502 (base 7) to base 2
110010000011101
Convert 5250 (base 6) to base 3.
1121210
-2242411 (base 5) to base 16
-9da4
Convert 134213 (base 5) to base 7.
22130
-16821 (base 9) to base 4
-2311102
Convert -1016 (base 10) to base 12.
-708
125133 (base 8) to base 13
16b09
Convert 1e9 (base 16) to base 10.
489
What is 3c08 (base 13) in base 12?
4bab
6240 (base 10) to base 9
8503
Convert 1282 (base 10) to base 11.
a66
What is -10032 (base 5) in base 3?
-212210
What is -103b (base 13) in base 15?
-9ec
Convert -2603 (base 8) to base 6.
-10311
-4450 (base 6) to base 16
-40e
What is -671 (base 12) in base 5?
-12244
What is -414101 (base 5) in base 6?
-143111
-2624 (base 7) to base 11
-828
133 (base 13) to base 11
182
aea (base 16) to base 4
223222
Convert -12a5 (base 12) to base 2.
-100001011101
-32544 (base 10) to base 11
-224a6
Convert 672 (base 8) to base 12.
30a
Convert 6746 (base 13) to base 16.
3857
Convert -105164 (base 7) to base 4.
-10202321
-12710 (base 10) to base 12
-7432
What is -4300 (base 6) in base 9?
-1300
Convert -112000000 (base 3) to base 15.
-3056
-28586 (base 9) to base 8
-45755
What is -9930 (base 11) in base 5?
-404401
What is 12304 (base 6) in base 15?
82a
-2a6 (base 12) to base 14
-218
Convert 2434 (base 6) to base 4.
21112
What is 68 (base 10) in base 2?
1000100
What is 10442 (base 5) in base 16?
2eb
1013 (base 4) to base 16
47
Convert 221221022 (base 3) to base 12.
ab38
What is 272 (base 11) in base 15?
166
Convert 2e03 (base 15) to base 7.
40605
Convert 110111100 (base 2) to base 5.
3234
What is -108 (base 11) in base 7?
-243
-1100031 (base 5) to base 16
-494e
6051 (base 7) to base 5
31334
What is 1467 (base 8) in base 2?
1100110111
-3014 (base 5) to base 6
-1440
What is -2501 (base 6) in base 7?
-1534
Convert 403143 (base 5) to base 10.
12923
Convert -2a54 (base 13) to base 9.
-8386
What is -220200 (base 3) in base 6?
-3030
-40 (base 12) to base 7
-66
Convert -2231 (base 9) to base 16.
-670
What is 950 (base 11) in base 7?
3223
Convert -138b8 (base 12) to base 14.
-9cba
56515 (base 7) to base 3
201122101
What is -431 (base 5) in base 2?
-1110100
5477 (base 12) to base 3
110202201
What is -4030 (base 6) in base 12?
-616
Convert -1660 (base 8) to base 11.
-789
What is -42502 (base 8) in base 3?
-220022200
Convert 2069 (base 11) to base 5.
41422
-4fe (base 16) to base 4
-103332
What is 1254 (base 6) in base 8?
502
Convert -131 (base 6) to base 3.
-2001
What is -3020 (base 4) in base 8?
-310
What is -1233 (base 7) in base 5?
-3330
-15808 (base 9) to base 3
-112220022
-1cc (base 14) to base 10
-376
Convert -210010 (base 3) to base 10.
-570
Convert 1b68 (base 12) to base 15.
1012
What is -1c00 (base 16) in base 13?
-3355
1a4b (base 15) to base 12
3368
Convert -346 (base 8) to base 10.
-230
-1ca2c (base 14) to base 11
-50117
-90 (base 11) to base 3
-10200
Convert 1311 (base 8) to base 4.
23021
What is 1467 (base 8) in base 10?
823
Convert 184 (base 15) to base 9.
427
What is 2330 (base 4) in base 12?
138
What is 1602 (base 8) in base 10?
898
What is -110020000 (base 3) in base 11?
-6770
Convert 11c96 (base 13) to base 8.
100215
What is -467 (base 12) in base 11?
-546
What is 11000000110 (base 2) in base 9?
2103
-9a55 (base 11) to base 2
-11001111000001
Convert -3213 (base 5) to base 6.
-2001
-101113 (base 4) to base 16
-457
1998 (base 13) to base 3
12021100
Convert 13523 (base 10) to base 5.
413043
-10b9 (base 12) to base 14
-977
Convert -17612 (base 13) to base 10.
-44969
What is 386 (base 10) in base 14?
1d8
What is -1180 (base 15) in base 16?
-e88
What is 2469 (base 10) in base 7?
10125
44596 (base 10) to base 16
ae34
What is -cb23 (base 13) in base 16?
-6e5c
Convert -1b39 (base 12) to base 9.
-4540
Convert -527 (base 8) to base 12.
-247
d5 (base 15) to base 7
404
What is 646 (base 7) in base 14?
196
What is -927 (base 12) in base 14?
-6ab
Convert -5354 (base 7) to base 15.
-86b
What is -1467 (base 11) in base 13?
-b23
567 (base 16) to base 10
1383
-241 (base 5) to base 15
-4b
Convert 3870 (base 9) to base 16.
b52
What is 210222 (base 4) in base 14?
bd8
16167 (base 11) to base 12
11259
What is 442 (base 13) in base 3?
1000001
2455 (base 6) to base 9
748
What is 11115 (base 7) in base 2?
101011110101
What is 887 (base 9) in base 10?
727
-15140 (base 6) to base 7
-10050
Convert 33226 (base 7) to base 5.
231400
13223123 (base 4) to base 8
75333
255 (base 13) to base 6
1520
What is 4525 (base 6) in base 3?
1110022
Convert c2 (base 15) to base 7.
350
Convert -2f0 (base 16) to base 5.
-11002
-104 (base 7) to base 6
-125
157 (base 13) to base 12
181
Convert 4b4 (base 14) to base 5.
12232
-11210 (base 6) to base 5
-22330
4554 (base 10) to base 11
3470
Convert 1c7 (base 16) to base 11.
384
What is 153 (base 13) in base 3?
22210
6ac4 (base 14) to base 10
18596
1547 (base 9) to base 10
1177
101230010 (base 4) to base 7
421142
Convert -6504 (base 7) to base 12.
-1403
Convert 306236 (base 7) to base 15.
108be
Convert -2ab (base 14) to base 12.
-393
What is 1312032 (base 4) in base 10?
7566
What is 31c (base 13) in base 15?
257
Convert 13a (base 12) to base 6.
514
-2707 (base 8) to base 13
-89a
-120111 (base 3) to base 4
-12202
What is -1c58b (base 13) in base 15?
-1185a
-104a (base 15) to base 11
-2652
-16213 (base 7) to base 13
-2104
Convert -16265 (base 8) to base 5.
-213344
-3475 (base 8) to base 9
-2478
-1355 (base 9) to base 10
-1022
What is 2156 (base 9) in base 13?
954
Convert -1351 (base 9) to base 12.
-70a
Convert 2a6 (base 13) to base 6.
2110
What is -237b (base 14) in base 10?
-6185
What is -1219 (base 11) in base 3?
-2012000
Convert -1185 (base 9) to base 16.
-377
Convert -3333212 (base 4) to base 5.
-1010413
What is -68748 (base 9) in base 7?
-250361
Convert -100210200 (base 3) to base 7.
-26556
Convert 1134220 (base 5) to base 2.
101001011000001
Convert -341535 (base 6) to base 5.
-1411211
Convert -732 (base 14) to base 5.
-21131
What is -31202231 (base 4) in base 6?
-1104445
What is 403 (base 11) in base 12?
347
What is -10000111101100 (base